posite number?
True
Is 7541161555 a composite number?
True
Is 6974683777 prime?
False
Is 36655616429 a prime number?
False
Is 33903563 composite?
False
Is 2069376731 a prime number?
False
Is 9520111603 composite?
False
Is 35131608058 a prime number?
False
Is 42807823 a prime number?
True
Is 3261711913 composite?
False
Is 16385890133 a composite number?
True
Is 1417185097 a prime number?
False
Is 23867193923 composite?
True
Is 34305585355 prime?
False
Is 6177189899 prime?
False
Is 802536341 composite?
False
Is 9236443589 composite?
True
Is 367867965779 a composite number?
False
Is 10785819139 composite?
False
Is 24077003059 prime?
False
Is 8511660091 a composite number?
True
Is 12328134107 prime?
True
Is 3995817707 a prime number?
False
Is 483043229 composite?
False
Is 24758126117 prime?
True
Is 91803019717 a composite number?
True
Is 31548848113 composite?
False
Is 8719468927 composite?
True
Is 1988399687 composite?
False
Is 27536785729 a composite number?
False
Is 282246907 a prime number?
False
Is 49910317687 composite?
False
Is 12387110633 a composite number?
True
Is 11344983061 prime?
True
Is 67605092263 a composite number?
False
Is 5275033 composite?
True
Is 1799252267 prime?
True
Is 2514980647 prime?
False
Is 548554219 composite?
True
Is 115424876041 prime?
False
Is 293508737 prime?
True
Is 4737032401 prime?
False
Is 5682880141 composite?
True
Is 134676450347 prime?
True
Is 245617613 prime?
False
Is 123551287 a prime number?
True
Is 2017183291 a composite number?
True
Is 14384849243 prime?
False
Is 493726463 a prime number?
False
Is 248674187 prime?
False
Is 35317237017 composite?
True
Is 215606837 a composite number?
True
Is 10315051349 prime?
True
Is 954404141 prime?
True
Is 2144891383 a prime number?
True
Is 2528137763 composite?
False
Is 43705552855 a composite number?
True
Is 55052765619 prime?
False
Is 7688313887 prime?
False
Is 3799837693 a composite number?
False
Is 732021317 composite?
True
Is 1473457067 a prime number?
True
Is 238509091 a prime number?
False
Is 44847019 composite?
True
Is 321665556193 prime?
True
Is 153882161 a prime number?
False
Is 310802633 composite?
True
Is 5714433451 composite?
True
Is 556798049 a prime number?
False
Is 3379423451 a prime number?
True
Is 16896043289 a prime number?
True
Is 19753735789 prime?
True
Is 718412147 prime?
True
Is 4396009661 a prime number?
False
Is 5386714579 composite?
False
Is 1288260973 a composite number?
False
Is 23132689 composite?
False
Is 360043301 a prime number?
False
Is 2684220017 composite?
True
Is 186390683 prime?
False
Is 6513845827 prime?
False
Is 630019451 a composite number?
True
Is 22290369997 composite?
True
Is 18571429169 a composite number?
False
Is 26988714551 a prime number?
True
Is 8981553473 composite?
True
Is 6901303 composite?
True
Is 513563231791 a composite number?
True
Is 3001528437 prime?
False
Is 85325049305 a prime number?
False
Is 394928273 prime?
True
Is 2699999795 a prime number?
False
Is 10636347811 composite?
False
Is 969379627 a prime number?
False
Is 6622821287 a prime number?
False
Is 877523611 a prime number?
True
Is 1118238133 a prime number?
True
Is 69542972671 composite?
True
Is 2322604633 composite?
False
Is 2473427483 a prime number?
True
Is 17116531171 a composite number?
False
Is 10628181653 prime?
False
Is 3306907 a composite number?
False
Is 535084057 a composite number?
True
Is 129734911 composite?
True
Is 11230206191 composite?
True
Is 152133410963 a prime number?
True
Is 858006263 a prime number?
True
Is 1514270983 prime?
True
Is 814285656367 prime?
True
Is 81084901 prime?
True
Is 354167887 a prime number?
True
Is 4832760419 composite?
True
Is 20727535405 a composite number?
True
Is 1679198 a prime number?
False
Is 1617012719 a composite number?
True
Is 2780747327 a composite number?
False
Is 3075981214 composite?
True
Is 873877007 prime?
True
Is 5303705123 a prime number?
True
Is 629452979 a prime number?
False
Is 1441470469 a composite number?
True
Is 23824495309 a prime number?
False
Is 773318047 a composite number?
True
Is 63672577 prime?
True
Is 1726173745 a prime number?
False
Is 68362139 composite?
True
Is 2091129503 a composite number?
True
Is 16966753187 prime?
True
Is 24469526101 a composite number?
False
Is 206462119 a prime number?
True
Is 15180836861 prime?
True
Is 18318683143 prime?
False
Is 65200068473 a prime number?
True
Is 828690817 prime?
False
Is 41921801429 composite?
False
Is 17663110093 composite?
False
Is 2034459109 a composite number?
True
Is 1293453241 a composite number?
True
Is 2497457999 prime?
True
Is 39973426579 prime?
True
Is 17985577949 a prime number?
False
Is 3502036441 a prime number?
True
Is 2634084031 composite?
True
Is 78636296863 a composite number?
False
Is 2740048823 prime?
True
Is 1671242329 prime?
False
Is 422390021 a composite number?
False
Is 6951989279 composite?
True
Is 4003694351 composite?
True
Is 332408677 composite?
False
Is 1354540043 prime?
True
Is 510149249 prime?
False
Is 582316261 a prime number?
True
Is 145019254451 a composite number?
True
Is 11079031463 a composite number?
False
Is 78865772987 a prime number?
True
Is 78001933903 a prime number?
True
Is 152655433921 composite?
True
Is 9113308499 a composite number?
False
Is 14698548897 prime?
False
Is 6823536791 a prime number?
True
Is 1058921453 a prime number?
True
Is 539533711 a prime number?
True
Is 2077598309 a composite number?
True
Is 150398491 composite?
False
Is 7686678239 composite?
True
Is 2619142523 prime?
True
Is 11351285753 composite?
False
Is 6652314199 prime?
True
Is 3396801007 composite?
True
Is 48813299917 a prime number?
True
Is 6029295001 composite?
True
Is 1297878571 composite?
True
Is 4014595927 prime?
False
Is 5272915409 composite?
False
Is 25414910431 a composite number?
False
Is 1209344869 a prime number?
True
Is 530771651 prime?
True
Is 19210147843 prime?
True
Is 28443565159 a composite number?
False
Is 5229900937 a composite number?
False
Is 3729900189 composite?
True
Is 446797447 a composite number?
False
Is 442886287 prime?
True
Is 138783013 a prime number?
False
Is 547098995 a prime number?
False
Is 54765955397 composite?
False
Is 2922060391 prime?
False
Is 149358363883 prime?
True
Is 12246223967 composite?
True
Is 249074051 prime?
False
Is 5012627959 a prime number?
False
Is 1053900539 a composite number?
True
Is 28129008587 a composite number?
False
Is 29913713 composite?
False
Is 43993219 a prime number?
True
Is 223310761 a prime number?
True
Is 5184161011 composite?
False
Is 29098000033 a composite number?
False
Is 218049027697 prime?
True
Is 1917853357 prime?
False
Is 3550964621 a prime number?
False
Is 114049442677 composite?
False
Is 8089727 composite?
False
Is 40125077879 prime?
True
Is 963007189 a prime number?
True
Is 29609078167 composite?
True
Is 379447897 composite?
False
Is 5669719823 a composite number?
False
Is 6406471 composite?
True
Is 1196795269 a prime number?
False
Is 1914640151 a prime number?
True
Is 329099581 composite?
True
Is 5359033819 a prime number?
False
Is 22435422341 prime?
True
Is 9761263531 a prime number?
True
Is 3975973849 composite?
True
Is 5808724153 a prime number?
True
Is 253573484167 a composite number?
False
Is 2860183 composite?
True
Is 1393959481 a prime number?
True
Is 4519386847 composite?
False
Is 100532261 a composite number?
False
Is 27379628077 composite?
False
Is 53027713861 prime?
True
Is 189528906379 composite?
False
Is 1410370471 composite?
True
Is 981511159 a prime number?
True
Is 778929539 composite?
False
Is 85309149 a prime number?
False
Is 9047483477 prime?
True
Is 881378983 prime?
False
Is 56679103937 composite?
False
Is 40336012715 composite?
True
Is 231849197 prime?
True
Is 2022751481 composite?
True
Is 184540997 a prime number?
False
Is 26878576093 prime?
True
Is 4598907857 prime?
True
Is 1322831033 prime?
False
Is 363355669 composite?
False
Is 187598777 a composite number?
True
Is 1647186407 prime?
True
Is 73548390053 composite?
False
Is 13108123414 a prime number?
False
Is 11639886274 composite?
True
Is 952572014 a prime number?
False
Is 15721098431 a composite number?
False
Is 1265133113 composite?
True
Is 33063987439 a prime number?
False
Is 3580522327 a prime number?
True
Is 295822641 prime?
False
Is 1252155463 prim